{"id":40,"date":"2019-06-03T18:31:25","date_gmt":"2019-06-03T16:31:25","guid":{"rendered":"http:\/\/campus.meidling.vhs.at\/php34\/wordpress\/?page_id=40"},"modified":"2022-08-31T13:46:02","modified_gmt":"2022-08-31T11:46:02","slug":"leistungen","status":"publish","type":"page","link":"https:\/\/www.diefriseurin.info\/?page_id=40","title":{"rendered":"Leistungen"},"content":{"rendered":"<div id=\"pl-gb40-69f31c24e86d0\"  class=\"panel-layout\" ><div id=\"pg-gb40-69f31c24e86d0-0\"  class=\"panel-grid panel-has-style\" ><div class=\"siteorigin-panels-stretch panel-row-style panel-row-style-for-gb40-69f31c24e86d0-0\" style=\"padding: 0px 0; \" data-stretch-type=\"full-stretched\" data-overlay=\"true\" data-overlay-color=\"#000000\" ><div id=\"pgc-gb40-69f31c24e86d0-0-0\"  class=\"panel-grid-cell\" ><div id=\"panel-gb40-69f31c24e86d0-0-0-0\" class=\"so-panel widget widget_black-studio-tinymce widget_black_studio_tinymce panel-first-child panel-last-child\" data-index=\"0\" ><div style=\"text-align: left;\" data-title-color=\"#443f3f\" data-headings-color=\"#443f3f\" class=\"panel-widget-style panel-widget-style-for-gb40-69f31c24e86d0-0-0-0\" ><div class=\"textwidget\"><p><img loading=\"lazy\" class=\"alignleft wp-image-446 size-full\" src=\"http:\/\/www.diefriseurin.info\/wp-content\/uploads\/2022\/08\/Ulli_KathrinBuschmannFotografie-1.jpg\" alt=\"\" width=\"7851\" height=\"5234\" srcset=\"https:\/\/www.diefriseurin.info\/wp-content\/uploads\/2022\/08\/Ulli_KathrinBuschmannFotografie-1.jpg 7851w, https:\/\/www.diefriseurin.info\/wp-content\/uploads\/2022\/08\/Ulli_KathrinBuschmannFotografie-1-300x200.jpg 300w, https:\/\/www.diefriseurin.info\/wp-content\/uploads\/2022\/08\/Ulli_KathrinBuschmannFotografie-1-768x512.jpg 768w, https:\/\/www.diefriseurin.info\/wp-content\/uploads\/2022\/08\/Ulli_KathrinBuschmannFotografie-1-1024x683.jpg 1024w, https:\/\/www.diefriseurin.info\/wp-content\/uploads\/2022\/08\/Ulli_KathrinBuschmannFotografie-1-830x553.jpg 830w, https:\/\/www.diefriseurin.info\/wp-content\/uploads\/2022\/08\/Ulli_KathrinBuschmannFotografie-1-230x153.jpg 230w, https:\/\/www.diefriseurin.info\/wp-content\/uploads\/2022\/08\/Ulli_KathrinBuschmannFotografie-1-350x233.jpg 350w, https:\/\/www.diefriseurin.info\/wp-content\/uploads\/2022\/08\/Ulli_KathrinBuschmannFotografie-1-480x320.jpg 480w, https:\/\/www.diefriseurin.info\/wp-content\/uploads\/2022\/08\/Ulli_KathrinBuschmannFotografie-1-272x182.jpg 272w\" sizes=\"(max-width: 7851px) 100vw, 7851px\" \/><\/p>\n<\/div><\/div><\/div><\/div><\/div><\/div><div id=\"pg-gb40-69f31c24e86d0-1\"  class=\"panel-grid panel-has-style\" ><div class=\"siteorigin-panels-stretch panel-row-style panel-row-style-for-gb40-69f31c24e86d0-1\" style=\"padding: 0% 0; \" data-stretch-type=\"full-stretched\" data-overlay=\"true\" data-overlay-color=\"#000000\" ><div id=\"pgc-gb40-69f31c24e86d0-1-0\"  class=\"panel-grid-cell\" ><div id=\"panel-gb40-69f31c24e86d0-1-0-0\" class=\"so-panel widget widget_black-studio-tinymce widget_black_studio_tinymce panel-first-child panel-last-child\" data-index=\"1\" ><div style=\"text-align: left;\" data-title-color=\"#443f3f\" data-headings-color=\"#443f3f\" class=\"panel-widget-style panel-widget-style-for-gb40-69f31c24e86d0-1-0-0\" ><h3 class=\"widget-title\">Damen<\/h3><div class=\"textwidget\"><p style=\"text-align: left;\">Angefangen von der Beratung bis hin zum komplett neuen Style.<\/p>\n<p style=\"text-align: left;\">Egal ob langes oder kurzes Haar, vieles ist m\u00f6glich.<\/p>\n<p style=\"text-align: left;\">Perr\u00fccken oder Extensions? Bei mir seit Ihr am richtigen Ort.<\/p>\n<p style=\"text-align: left;\">Wimpernf\u00e4rben, Augenbrauen zupfen und N\u00e4gel lackieren, das biete ich alles an.<\/p>\n<\/div><\/div><\/div><\/div><div id=\"pgc-gb40-69f31c24e86d0-1-1\"  class=\"panel-grid-cell\" ><div id=\"panel-gb40-69f31c24e86d0-1-1-0\" class=\"so-panel widget widget_black-studio-tinymce widget_black_studio_tinymce panel-first-child panel-last-child\" data-index=\"2\" ><div style=\"text-align: left;\" data-title-color=\"#443f3f\" data-headings-color=\"#443f3f\" class=\"panel-widget-style panel-widget-style-for-gb40-69f31c24e86d0-1-1-0\" ><div class=\"textwidget\"><p><img loading=\"lazy\" class=\"alignleft wp-image-447 size-full\" src=\"http:\/\/www.diefriseurin.info\/wp-content\/uploads\/2022\/08\/Ulli_KathrinBuschmannFotografie-36.jpg\" alt=\"\" width=\"8256\" height=\"5504\" srcset=\"https:\/\/www.diefriseurin.info\/wp-content\/uploads\/2022\/08\/Ulli_KathrinBuschmannFotografie-36.jpg 8256w, https:\/\/www.diefriseurin.info\/wp-content\/uploads\/2022\/08\/Ulli_KathrinBuschmannFotografie-36-300x200.jpg 300w, https:\/\/www.diefriseurin.info\/wp-content\/uploads\/2022\/08\/Ulli_KathrinBuschmannFotografie-36-768x512.jpg 768w, https:\/\/www.diefriseurin.info\/wp-content\/uploads\/2022\/08\/Ulli_KathrinBuschmannFotografie-36-1024x683.jpg 1024w, https:\/\/www.diefriseurin.info\/wp-content\/uploads\/2022\/08\/Ulli_KathrinBuschmannFotografie-36-830x553.jpg 830w, https:\/\/www.diefriseurin.info\/wp-content\/uploads\/2022\/08\/Ulli_KathrinBuschmannFotografie-36-230x153.jpg 230w, https:\/\/www.diefriseurin.info\/wp-content\/uploads\/2022\/08\/Ulli_KathrinBuschmannFotografie-36-350x233.jpg 350w, https:\/\/www.diefriseurin.info\/wp-content\/uploads\/2022\/08\/Ulli_KathrinBuschmannFotografie-36-480x320.jpg 480w, https:\/\/www.diefriseurin.info\/wp-content\/uploads\/2022\/08\/Ulli_KathrinBuschmannFotografie-36-272x182.jpg 272w\" sizes=\"(max-width: 8256px) 100vw, 8256px\" \/><\/p>\n<\/div><\/div><\/div><\/div><\/div><\/div><div id=\"pg-gb40-69f31c24e86d0-2\"  class=\"panel-grid panel-has-style\" ><div class=\"siteorigin-panels-stretch panel-row-style panel-row-style-for-gb40-69f31c24e86d0-2\" style=\"padding: 0% 0; \" data-stretch-type=\"full-stretched\" data-overlay=\"true\" data-overlay-color=\"#000000\" ><div id=\"pgc-gb40-69f31c24e86d0-2-0\"  class=\"panel-grid-cell\" ><div id=\"panel-gb40-69f31c24e86d0-2-0-0\" class=\"so-panel widget widget_black-studio-tinymce widget_black_studio_tinymce panel-first-child panel-last-child\" data-index=\"3\" ><div style=\"text-align: left;\" data-title-color=\"#443f3f\" data-headings-color=\"#443f3f\" class=\"panel-widget-style panel-widget-style-for-gb40-69f31c24e86d0-2-0-0\" ><div class=\"textwidget\"><p><img loading=\"lazy\" class=\"alignleft wp-image-444 size-full\" src=\"http:\/\/www.diefriseurin.info\/wp-content\/uploads\/2022\/08\/Ulli_KathrinBuschmannFotografie-33.jpg\" alt=\"\" width=\"6022\" height=\"4015\" srcset=\"https:\/\/www.diefriseurin.info\/wp-content\/uploads\/2022\/08\/Ulli_KathrinBuschmannFotografie-33.jpg 6022w, https:\/\/www.diefriseurin.info\/wp-content\/uploads\/2022\/08\/Ulli_KathrinBuschmannFotografie-33-300x200.jpg 300w, https:\/\/www.diefriseurin.info\/wp-content\/uploads\/2022\/08\/Ulli_KathrinBuschmannFotografie-33-768x512.jpg 768w, https:\/\/www.diefriseurin.info\/wp-content\/uploads\/2022\/08\/Ulli_KathrinBuschmannFotografie-33-1024x683.jpg 1024w, https:\/\/www.diefriseurin.info\/wp-content\/uploads\/2022\/08\/Ulli_KathrinBuschmannFotografie-33-830x553.jpg 830w, https:\/\/www.diefriseurin.info\/wp-content\/uploads\/2022\/08\/Ulli_KathrinBuschmannFotografie-33-230x153.jpg 230w, https:\/\/www.diefriseurin.info\/wp-content\/uploads\/2022\/08\/Ulli_KathrinBuschmannFotografie-33-350x233.jpg 350w, https:\/\/www.diefriseurin.info\/wp-content\/uploads\/2022\/08\/Ulli_KathrinBuschmannFotografie-33-480x320.jpg 480w, https:\/\/www.diefriseurin.info\/wp-content\/uploads\/2022\/08\/Ulli_KathrinBuschmannFotografie-33-272x182.jpg 272w\" sizes=\"(max-width: 6022px) 100vw, 6022px\" \/><\/p>\n<\/div><\/div><\/div><\/div><div id=\"pgc-gb40-69f31c24e86d0-2-1\"  class=\"panel-grid-cell\" ><div id=\"panel-gb40-69f31c24e86d0-2-1-0\" class=\"so-panel widget widget_black-studio-tinymce widget_black_studio_tinymce panel-first-child panel-last-child\" data-index=\"4\" ><div style=\"text-align: left;\" data-title-color=\"#443f3f\" data-headings-color=\"#443f3f\" class=\"panel-widget-style panel-widget-style-for-gb40-69f31c24e86d0-2-1-0\" ><h3 class=\"widget-title\">Herren<\/h3><div class=\"textwidget\"><p style=\"text-align: left;\">Im seperaten Bereich sind auch M\u00e4nner herzlichst willkommen.<\/p>\n<p style=\"text-align: left;\">Vom einfachen 3 Tages Bart Trimm bis hin zum Barber Cut biete ich alles an.<\/p>\n<p style=\"text-align: left;\">Mit den top Maschinen bringe ich jede Frisur wieder in Form.<\/p>\n<p style=\"text-align: left;\">Des weiteren werdet Ihr nat\u00fcrlich bestens versorgt, sei es ein Espresso oder doch ein guter Gin Tonic.<\/p>\n<p style=\"text-align: left;\">\n<p>&nbsp;<\/p>\n<\/div><\/div><\/div><\/div><\/div><\/div><div id=\"pg-gb40-69f31c24e86d0-3\"  class=\"panel-grid panel-has-style\" ><div class=\"siteorigin-panels-stretch panel-row-style panel-row-style-for-gb40-69f31c24e86d0-3\" style=\"padding: 0px 0; \" data-stretch-type=\"full-stretched\" data-overlay=\"true\" data-overlay-color=\"#000000\" ><div id=\"pgc-gb40-69f31c24e86d0-3-0\"  class=\"panel-grid-cell\" ><div id=\"panel-gb40-69f31c24e86d0-3-0-0\" class=\"so-panel widget widget_black-studio-tinymce widget_black_studio_tinymce panel-first-child panel-last-child\" data-index=\"5\" ><div style=\"text-align: left;\" data-title-color=\"#443f3f\" data-headings-color=\"#443f3f\" class=\"panel-widget-style panel-widget-style-for-gb40-69f31c24e86d0-3-0-0\" ><h3 class=\"widget-title\">Kinder<\/h3><div class=\"textwidget\"><p style=\"text-align: left;\">Kinder sind ebenfalls herzlichst Willkommen in meinem neuen Salon.<\/p>\n<p style=\"text-align: left;\">Sei es ein Haarschnitt oder doch lieber nur zum Spielen?<\/p>\n<p style=\"text-align: left;\">&#8211; kein Problem, eine Spieleecke wartet auf dich mit verschiedenen Puzzles oder Malutensilien.<\/p>\n<\/div><\/div><\/div><\/div><div id=\"pgc-gb40-69f31c24e86d0-3-1\"  class=\"panel-grid-cell\" ><div id=\"panel-gb40-69f31c24e86d0-3-1-0\" class=\"so-panel widget widget_black-studio-tinymce widget_black_studio_tinymce panel-first-child panel-last-child\" data-index=\"6\" ><div style=\"text-align: left;\" data-title-color=\"#443f3f\" data-headings-color=\"#443f3f\" class=\"panel-widget-style panel-widget-style-for-gb40-69f31c24e86d0-3-1-0\" ><div class=\"textwidget\"><p><img loading=\"lazy\" class=\"alignleft wp-image-506 size-full\" src=\"http:\/\/www.diefriseurin.info\/wp-content\/uploads\/2022\/08\/Bild.jpg\" alt=\"\" width=\"2048\" height=\"1536\" srcset=\"https:\/\/www.diefriseurin.info\/wp-content\/uploads\/2022\/08\/Bild.jpg 2048w, https:\/\/www.diefriseurin.info\/wp-content\/uploads\/2022\/08\/Bild-300x225.jpg 300w, https:\/\/www.diefriseurin.info\/wp-content\/uploads\/2022\/08\/Bild-1024x768.jpg 1024w, https:\/\/www.diefriseurin.info\/wp-content\/uploads\/2022\/08\/Bild-768x576.jpg 768w, https:\/\/www.diefriseurin.info\/wp-content\/uploads\/2022\/08\/Bild-1536x1152.jpg 1536w, https:\/\/www.diefriseurin.info\/wp-content\/uploads\/2022\/08\/Bild-830x623.jpg 830w, https:\/\/www.diefriseurin.info\/wp-content\/uploads\/2022\/08\/Bild-230x173.jpg 230w, https:\/\/www.diefriseurin.info\/wp-content\/uploads\/2022\/08\/Bild-350x263.jpg 350w, https:\/\/www.diefriseurin.info\/wp-content\/uploads\/2022\/08\/Bild-480x360.jpg 480w\" sizes=\"(max-width: 2048px) 100vw, 2048px\" \/><\/p>\n<\/div><\/div><\/div><\/div><\/div><\/div><div id=\"pg-gb40-69f31c24e86d0-4\"  class=\"panel-grid panel-has-style\" ><div class=\"siteorigin-panels-stretch panel-row-style panel-row-style-for-gb40-69f31c24e86d0-4\" style=\"padding: 0px 0; \" data-stretch-type=\"full-stretched\" data-overlay=\"true\" data-overlay-color=\"#000000\" ><div id=\"pgc-gb40-69f31c24e86d0-4-0\"  class=\"panel-grid-cell\" ><div id=\"panel-gb40-69f31c24e86d0-4-0-0\" class=\"so-panel widget widget_black-studio-tinymce widget_black_studio_tinymce panel-first-child panel-last-child\" data-index=\"7\" ><div style=\"text-align: left;\" data-title-color=\"#443f3f\" data-headings-color=\"#443f3f\" class=\"panel-widget-style panel-widget-style-for-gb40-69f31c24e86d0-4-0-0\" ><div class=\"textwidget\"><p><img loading=\"lazy\" class=\"alignleft wp-image-457 size-full\" src=\"http:\/\/www.diefriseurin.info\/wp-content\/uploads\/2022\/08\/Ulli_KathrinBuschmannFotografie-14.jpg\" alt=\"\" width=\"5313\" height=\"3542\" srcset=\"https:\/\/www.diefriseurin.info\/wp-content\/uploads\/2022\/08\/Ulli_KathrinBuschmannFotografie-14.jpg 5313w, https:\/\/www.diefriseurin.info\/wp-content\/uploads\/2022\/08\/Ulli_KathrinBuschmannFotografie-14-300x200.jpg 300w, https:\/\/www.diefriseurin.info\/wp-content\/uploads\/2022\/08\/Ulli_KathrinBuschmannFotografie-14-768x512.jpg 768w, https:\/\/www.diefriseurin.info\/wp-content\/uploads\/2022\/08\/Ulli_KathrinBuschmannFotografie-14-1024x683.jpg 1024w, https:\/\/www.diefriseurin.info\/wp-content\/uploads\/2022\/08\/Ulli_KathrinBuschmannFotografie-14-830x553.jpg 830w, https:\/\/www.diefriseurin.info\/wp-content\/uploads\/2022\/08\/Ulli_KathrinBuschmannFotografie-14-230x153.jpg 230w, https:\/\/www.diefriseurin.info\/wp-content\/uploads\/2022\/08\/Ulli_KathrinBuschmannFotografie-14-350x233.jpg 350w, https:\/\/www.diefriseurin.info\/wp-content\/uploads\/2022\/08\/Ulli_KathrinBuschmannFotografie-14-480x320.jpg 480w, https:\/\/www.diefriseurin.info\/wp-content\/uploads\/2022\/08\/Ulli_KathrinBuschmannFotografie-14-272x182.jpg 272w\" sizes=\"(max-width: 5313px) 100vw, 5313px\" \/><\/p>\n<\/div><\/div><\/div><\/div><div id=\"pgc-gb40-69f31c24e86d0-4-1\"  class=\"panel-grid-cell\" ><div id=\"panel-gb40-69f31c24e86d0-4-1-0\" class=\"so-panel widget widget_black-studio-tinymce widget_black_studio_tinymce panel-first-child panel-last-child\" data-index=\"8\" ><div style=\"text-align: left;\" data-title-color=\"#443f3f\" data-headings-color=\"#443f3f\" class=\"panel-widget-style panel-widget-style-for-gb40-69f31c24e86d0-4-1-0\" ><h3 class=\"widget-title\">Pflegeprodukte<\/h3><div class=\"textwidget\"><p style=\"text-align: left;\">F\u00f6hn, Gl\u00e4tteisen, Pflegeshampoo, Pinzetten oder eine Haarfarbe? Bei mir seit Ihr genau richtig.<\/p>\n<p style=\"text-align: left;\">F\u00fcr den Mann gibt es verschiedene Stylingprodukte, sei es ein Gel oder doch ein Wachs f\u00fcr die Haare?<\/p>\n<p style=\"text-align: left;\">Des weiteren gibt es noch Bartprodukte, wie \u00d6l, Trimmer oder Rasierer.<\/p>\n<p>&nbsp;<\/p>\n<\/div><\/div><\/div><\/div><\/div><\/div><\/div>","protected":false},"excerpt":{"rendered":"<p>Angefangen von der Beratung bis hin zum komplett neuen Style. Egal ob langes oder kurzes Haar, vieles ist m\u00f6glich. Perr\u00fccken oder Extensions? Bei mir seit Ihr am richtigen Ort. Wimpernf\u00e4rben, Augenbrauen zupfen und N\u00e4gel lackieren, das biete ich alles an.<\/p>\n","protected":false},"author":1,"featured_media":0,"parent":0,"menu_order":0,"comment_status":"closed","ping_status":"closed","template":"page-templates\/page_front-page.php","meta":[],"_links":{"self":[{"href":"https:\/\/www.diefriseurin.info\/index.php?rest_route=\/wp\/v2\/pages\/40"}],"collection":[{"href":"https:\/\/www.diefriseurin.info\/index.php?rest_route=\/wp\/v2\/pages"}],"about":[{"href":"https:\/\/www.diefriseurin.info\/index.php?rest_route=\/wp\/v2\/types\/page"}],"author":[{"embeddable":true,"href":"https:\/\/www.diefriseurin.info\/index.php?rest_route=\/wp\/v2\/users\/1"}],"replies":[{"embeddable":true,"href":"https:\/\/www.diefriseurin.info\/index.php?rest_route=%2Fwp%2Fv2%2Fcomments&post=40"}],"version-history":[{"count":64,"href":"https:\/\/www.diefriseurin.info\/index.php?rest_route=\/wp\/v2\/pages\/40\/revisions"}],"predecessor-version":[{"id":518,"href":"https:\/\/www.diefriseurin.info\/index.php?rest_route=\/wp\/v2\/pages\/40\/revisions\/518"}],"wp:attachment":[{"href":"https:\/\/www.diefriseurin.info\/index.php?rest_route=%2Fwp%2Fv2%2Fmedia&parent=40"}],"curies":[{"name":"wp","href":"https:\/\/api.w.org\/{rel}","templated":true}]}}